{"id":635,"date":"2022-12-01T15:03:16","date_gmt":"2022-12-01T18:03:16","guid":{"rendered":"https:\/\/floripa.wordcamp.org\/2022\/?post_type=wcb_speaker&#038;p=635"},"modified":"2022-12-05T13:13:03","modified_gmt":"2022-12-05T16:13:03","slug":"fernanda-amorim","status":"publish","type":"wcb_speaker","link":"https:\/\/floripa.wordcamp.org\/2022\/speaker\/fernanda-amorim\/","title":{"rendered":"Fernanda Amorim"},"content":{"rendered":"\n<p class=\"wp-block-paragraph\">Fernanda Amorim e moro em Florian\u00f3polis-SC. Sou graduada em Design Gr\u00e1fico pela UDESC (Universidade do Estado de Santa Catarina) e p\u00f3s-graduada em Design de Intera\u00e7\u00e3o pela UNIVALI (Universidade do Vale do Itaja\u00ed). Com pouco mais de 8 anos de atua\u00e7\u00e3o na \u00e1rea de design, hoje estou como Product Designer Especialista no iFood, atuando em frentes de inova\u00e7\u00e3o.<\/p>\n","protected":false},"excerpt":{"rendered":"<p>Fernanda Amorim e moro em Florian\u00f3polis-SC. Sou graduada em Design Gr\u00e1fico pela UDESC (Universidade do Estado de Santa Catarina) e p\u00f3s-graduada em Design de Intera\u00e7\u00e3o pela UNIVALI (Universidade do Vale do Itaja\u00ed).<br \/>\nCom pouco mais de 8 anos de atua\u00e7\u00e3o na \u00e1rea de design, hoje estou como Product Designer Especialista no iFood, atuando em frentes de inova\u00e7\u00e3o.<\/p>\n","protected":false},"author":13201568,"featured_media":769,"comment_status":"closed","ping_status":"closed","template":"","meta":{"_crdt_document":"","jetpack_post_was_ever_published":false,"_wcpt_user_name":"","footnotes":""},"speaker_group":[],"class_list":["post-635","wcb_speaker","type-wcb_speaker","status-publish","has-post-thumbnail","hentry"],"jetpack_sharing_enabled":true,"avatar_urls":{"24":"https:\/\/secure.gravatar.com\/avatar\/ad6154a17b9acf8f74e62dd789a74d76116073f6c4aff639f1251cb76749147f?s=24&d=mm&r=g","48":"https:\/\/secure.gravatar.com\/avatar\/ad6154a17b9acf8f74e62dd789a74d76116073f6c4aff639f1251cb76749147f?s=48&d=mm&r=g","96":"https:\/\/secure.gravatar.com\/avatar\/ad6154a17b9acf8f74e62dd789a74d76116073f6c4aff639f1251cb76749147f?s=96&d=mm&r=g","128":"https:\/\/secure.gravatar.com\/avatar\/ad6154a17b9acf8f74e62dd789a74d76116073f6c4aff639f1251cb76749147f?s=128&d=mm&r=g","256":"https:\/\/secure.gravatar.com\/avatar\/ad6154a17b9acf8f74e62dd789a74d76116073f6c4aff639f1251cb76749147f?s=256&d=mm&r=g","512":"https:\/\/secure.gravatar.com\/avatar\/ad6154a17b9acf8f74e62dd789a74d76116073f6c4aff639f1251cb76749147f?s=512&d=mm&r=g"},"_links":{"self":[{"href":"https:\/\/floripa.wordcamp.org\/2022\/wp-json\/wp\/v2\/speakers\/635","targetHints":{"allow":["GET"]}}],"collection":[{"href":"https:\/\/floripa.wordcamp.org\/2022\/wp-json\/wp\/v2\/speakers"}],"about":[{"href":"https:\/\/floripa.wordcamp.org\/2022\/wp-json\/wp\/v2\/types\/wcb_speaker"}],"author":[{"embeddable":true,"href":"https:\/\/floripa.wordcamp.org\/2022\/wp-json\/wp\/v2\/users\/13201568"}],"replies":[{"embeddable":true,"href":"https:\/\/floripa.wordcamp.org\/2022\/wp-json\/wp\/v2\/comments?post=635"}],"version-history":[{"count":1,"href":"https:\/\/floripa.wordcamp.org\/2022\/wp-json\/wp\/v2\/speakers\/635\/revisions"}],"predecessor-version":[{"id":637,"href":"https:\/\/floripa.wordcamp.org\/2022\/wp-json\/wp\/v2\/speakers\/635\/revisions\/637"}],"sessions":[{"embeddable":true,"href":"https:\/\/floripa.wordcamp.org\/2022\/wp-json\/wp\/v2\/sessions\/690?_embed=1&context=view"}],"wp:featuredmedia":[{"embeddable":true,"href":"https:\/\/floripa.wordcamp.org\/2022\/wp-json\/wp\/v2\/media\/769"}],"wp:attachment":[{"href":"https:\/\/floripa.wordcamp.org\/2022\/wp-json\/wp\/v2\/media?parent=635"}],"wp:term":[{"taxonomy":"wcb_speaker_group","embeddable":true,"href":"https:\/\/floripa.wordcamp.org\/2022\/wp-json\/wp\/v2\/speaker_group?post=635"}],"curies":[{"name":"wp","href":"https:\/\/api.w.org\/{rel}","templated":true}]}}

<p class="wp-block-paragraph">Fernanda Amorim e moro em Florianópolis-SC. Sou graduada em Design Gráfico pela UDESC (Universidade do Estado de Santa Catarina) e pós-graduada em Design de Interação pela UNIVALI (Universidade do Vale do Itajaí). Com pouco mais de 8 anos de atuação na área de design, hoje estou como Product Designer Especialista no iFood, atuando em frentes de inovação.</p>

<p>Fernanda Amorim e moro em Florianópolis-SC. Sou graduada em Design Gráfico pela UDESC (Universidade do Estado de Santa Catarina) e pós-graduada em Design de Interação pela UNIVALI (Universidade do Vale do Itajaí).<br />
Com pouco mais de 8 anos de atuação na área de design, hoje estou como Product Designer Especialista no iFood, atuando em frentes de inovação.</p>
