{"id":617,"date":"2022-12-01T14:57:08","date_gmt":"2022-12-01T17:57:08","guid":{"rendered":"https:\/\/floripa.wordcamp.org\/2022\/?post_type=wcb_speaker&#038;p=617"},"modified":"2022-12-01T14:57:08","modified_gmt":"2022-12-01T17:57:08","slug":"max-denvir","status":"publish","type":"wcb_speaker","link":"https:\/\/floripa.wordcamp.org\/2022\/speaker\/max-denvir\/","title":{"rendered":"Max Denvir"},"content":{"rendered":"\n<p class=\"wp-block-paragraph\">Meu nome \u00e9 Max e sou gestor de projetos. Tenho 10 anos de experi\u00eancia em projetos digitais e j\u00e1 atuei nas \u00e1reas de gest\u00e3o, relacionamento, design, conte\u00fado e marketing. Coordeno equipes multidisciplinares h\u00e1 5 anos e uso minhas experi\u00eancias para desenvolver projetos em ambientes de inova\u00e7\u00e3o. Tenho forma\u00e7\u00e3o em Comunica\u00e7\u00e3o, especializa\u00e7\u00e3o em gest\u00e3o e sou profissional CSPO\u00ae. Tamb\u00e9m tenho outras forma\u00e7\u00f5es em gest\u00e3o \u00e1gil de projetos, design thinking, business analytics e marketing. Sou orgulhosamente um gestor e product owner generalista.<\/p>\n","protected":false},"excerpt":{"rendered":"<p>Meu nome \u00e9 Max e sou gestor de projetos. Tenho 10 anos de experi\u00eancia em projetos digitais e j\u00e1 atuei nas \u00e1reas de gest\u00e3o, relacionamento, design, conte\u00fado e marketing. Coordeno equipes multidisciplinares h\u00e1 5 anos e uso minhas experi\u00eancias para desenvolver projetos em ambientes de inova\u00e7\u00e3o.<\/p>\n<p>Tenho forma\u00e7\u00e3o em Comunica\u00e7\u00e3o, especializa\u00e7\u00e3o em gest\u00e3o e sou profissional CSPO\u00ae. Tamb\u00e9m tenho outras forma\u00e7\u00f5es em gest\u00e3o \u00e1gil de projetos, design thinking, business analytics e marketing. Sou orgulhosamente um gestor e product owner generalista.<\/p>\n","protected":false},"author":13201568,"featured_media":0,"comment_status":"closed","ping_status":"closed","template":"","meta":{"_crdt_document":"","jetpack_post_was_ever_published":false,"_wcpt_user_name":"","footnotes":""},"speaker_group":[],"class_list":["post-617","wcb_speaker","type-wcb_speaker","status-publish","hentry"],"jetpack_sharing_enabled":true,"avatar_urls":{"24":"https:\/\/secure.gravatar.com\/avatar\/32c5b7cb4184dc8377b3852b29ce21d7162ae13ed25e8e4de5f11f5fbeaa5910?s=24&d=mm&r=g","48":"https:\/\/secure.gravatar.com\/avatar\/32c5b7cb4184dc8377b3852b29ce21d7162ae13ed25e8e4de5f11f5fbeaa5910?s=48&d=mm&r=g","96":"https:\/\/secure.gravatar.com\/avatar\/32c5b7cb4184dc8377b3852b29ce21d7162ae13ed25e8e4de5f11f5fbeaa5910?s=96&d=mm&r=g","128":"https:\/\/secure.gravatar.com\/avatar\/32c5b7cb4184dc8377b3852b29ce21d7162ae13ed25e8e4de5f11f5fbeaa5910?s=128&d=mm&r=g","256":"https:\/\/secure.gravatar.com\/avatar\/32c5b7cb4184dc8377b3852b29ce21d7162ae13ed25e8e4de5f11f5fbeaa5910?s=256&d=mm&r=g","512":"https:\/\/secure.gravatar.com\/avatar\/32c5b7cb4184dc8377b3852b29ce21d7162ae13ed25e8e4de5f11f5fbeaa5910?s=512&d=mm&r=g"},"_links":{"self":[{"href":"https:\/\/floripa.wordcamp.org\/2022\/wp-json\/wp\/v2\/speakers\/617","targetHints":{"allow":["GET"]}}],"collection":[{"href":"https:\/\/floripa.wordcamp.org\/2022\/wp-json\/wp\/v2\/speakers"}],"about":[{"href":"https:\/\/floripa.wordcamp.org\/2022\/wp-json\/wp\/v2\/types\/wcb_speaker"}],"author":[{"embeddable":true,"href":"https:\/\/floripa.wordcamp.org\/2022\/wp-json\/wp\/v2\/users\/13201568"}],"replies":[{"embeddable":true,"href":"https:\/\/floripa.wordcamp.org\/2022\/wp-json\/wp\/v2\/comments?post=617"}],"version-history":[{"count":1,"href":"https:\/\/floripa.wordcamp.org\/2022\/wp-json\/wp\/v2\/speakers\/617\/revisions"}],"predecessor-version":[{"id":618,"href":"https:\/\/floripa.wordcamp.org\/2022\/wp-json\/wp\/v2\/speakers\/617\/revisions\/618"}],"sessions":[{"embeddable":true,"href":"https:\/\/floripa.wordcamp.org\/2022\/wp-json\/wp\/v2\/sessions\/647?_embed=1&context=view"}],"wp:attachment":[{"href":"https:\/\/floripa.wordcamp.org\/2022\/wp-json\/wp\/v2\/media?parent=617"}],"wp:term":[{"taxonomy":"wcb_speaker_group","embeddable":true,"href":"https:\/\/floripa.wordcamp.org\/2022\/wp-json\/wp\/v2\/speaker_group?post=617"}],"curies":[{"name":"wp","href":"https:\/\/api.w.org\/{rel}","templated":true}]}}

<p class="wp-block-paragraph">Meu nome é Max e sou gestor de projetos. Tenho 10 anos de experiência em projetos digitais e já atuei nas áreas de gestão, relacionamento, design, conteúdo e marketing. Coordeno equipes multidisciplinares há 5 anos e uso minhas experiências para desenvolver projetos em ambientes de inovação. Tenho formação em Comunicação, especialização em gestão e sou profissional CSPO®. Também tenho outras formações em gestão ágil de projetos, design thinking, business analytics e marketing. Sou orgulhosamente um gestor e product owner generalista.</p>

<p>Meu nome é Max e sou gestor de projetos. Tenho 10 anos de experiência em projetos digitais e já atuei nas áreas de gestão, relacionamento, design, conteúdo e marketing. Coordeno equipes multidisciplinares há 5 anos e uso minhas experiências para desenvolver projetos em ambientes de inovação.</p>
<p>Tenho formação em Comunicação, especialização em gestão e sou profissional CSPO®. Também tenho outras formações em gestão ágil de projetos, design thinking, business analytics e marketing. Sou orgulhosamente um gestor e product owner generalista.</p>
