{"id":754,"date":"2018-03-19T17:10:26","date_gmt":"2018-03-19T20:10:26","guid":{"rendered":"https:\/\/2018.floripa.wordcamp.org\/?post_type=wcb_session&#038;p=754"},"modified":"2018-04-18T13:36:15","modified_gmt":"2018-04-18T16:36:15","slug":"o-potencial-didatico-do-wordpress-no-ensino-aprendizagem-de-programacao","status":"publish","type":"wcb_session","link":"https:\/\/floripa.wordcamp.org\/2018\/session\/o-potencial-didatico-do-wordpress-no-ensino-aprendizagem-de-programacao\/","title":{"rendered":"O potencial did\u00e1tico do WordPress no ensino-aprendizagem de Programa\u00e7\u00e3o"},"content":{"rendered":"<p>Tomando por base a minha trajet\u00f3ria profissional, de pesquisador e professor da \u00e1rea de Ci\u00eancias Humanas para depois desenvolvedor WEB, pude reconhecer o grande potencial did\u00e1tico do WordPress no ensino-aprendizagem de diversos assuntos ligados ao universo da programa\u00e7\u00e3o. \u00c9 claro que \u00e9 disso que se trata o ambiente em si, uma ferramenta \u00e1gil voltada para a programa\u00e7\u00e3o de sistemas, mas vale refor\u00e7ar o seu papel did\u00e1tico para o entendimento e desenvolvimento dessas habilidades e compet\u00eancias, especialmente para estudantes e\/ou iniciantes na \u00e1rea de Tecnologia da Informa\u00e7\u00e3o. O objetivo deste &#8220;talk&#8221; \u00e9 justamente reconhecer o valor educacional da ferramenta e de tudo que a envolve (documenta\u00e7\u00e3o, tutoriais, suporte, etc) como sendo parte de uma grande comunidade E-learning. Sem d\u00favida, o WordPress tem contribu\u00eddo muito na forma\u00e7\u00e3o dos profissionais de TI nos dias atuais.<\/p>\n","protected":false},"excerpt":{"rendered":"<p>Tomando por base a minha trajet\u00f3ria profissional, de pesquisador e professor da \u00e1rea de Ci\u00eancias Humanas para depois desenvolvedor WEB, pude reconhecer o grande potencial did\u00e1tico do WordPress no ensino-aprendizagem de diversos assuntos ligados ao universo da programa\u00e7\u00e3o. \u00c9 claro que \u00e9 disso que se trata o ambiente em si, uma ferramenta \u00e1gil voltada para [&hellip;]<\/p>\n","protected":false},"author":15048773,"featured_media":0,"template":"","meta":{"_crdt_document":"","jetpack_post_was_ever_published":false,"_wcpt_session_time":1523125800,"_wcpt_session_duration":3000,"_wcpt_session_type":"session","_wcpt_session_slides":"https:\/\/www.slideshare.net\/WordpressFloripa\/vitor-o-potencial-didtico-do-wordpress-no-ensinoaprendizagem-de-programao","_wcpt_session_video":"","_wcpt_speaker_id":[718],"footnotes":""},"session_track":[1233054],"session_category":[20749],"class_list":["post-754","wcb_session","type-wcb_session","status-publish","hentry","wcb_track-teste","wcb_session_category-desenvolvimento"],"jetpack_sharing_enabled":true,"jetpack_shortlink":"https:\/\/wp.me\/p9ygkj-ca","session_date_time":{"date":"7 de abril de 2018","time":"15:30"},"session_speakers":[{"id":"718","slug":"vitor-hugo-bastos-cardoso","name":"Vitor Hugo Bastos Cardoso","link":"https:\/\/floripa.wordcamp.org\/2018\/speaker\/vitor-hugo-bastos-cardoso\/"}],"session_cats_rendered":"Desenvolvimento","_links":{"self":[{"href":"https:\/\/floripa.wordcamp.org\/2018\/wp-json\/wp\/v2\/sessions\/754","targetHints":{"allow":["GET"]}}],"collection":[{"href":"https:\/\/floripa.wordcamp.org\/2018\/wp-json\/wp\/v2\/sessions"}],"about":[{"href":"https:\/\/floripa.wordcamp.org\/2018\/wp-json\/wp\/v2\/types\/wcb_session"}],"author":[{"embeddable":true,"href":"https:\/\/floripa.wordcamp.org\/2018\/wp-json\/wp\/v2\/users\/15048773"}],"version-history":[{"count":3,"href":"https:\/\/floripa.wordcamp.org\/2018\/wp-json\/wp\/v2\/sessions\/754\/revisions"}],"predecessor-version":[{"id":826,"href":"https:\/\/floripa.wordcamp.org\/2018\/wp-json\/wp\/v2\/sessions\/754\/revisions\/826"}],"speakers":[{"embeddable":true,"href":"https:\/\/floripa.wordcamp.org\/2018\/wp-json\/wp\/v2\/speakers\/718"}],"wp:attachment":[{"href":"https:\/\/floripa.wordcamp.org\/2018\/wp-json\/wp\/v2\/media?parent=754"}],"wp:term":[{"taxonomy":"wcb_track","embeddable":true,"href":"https:\/\/floripa.wordcamp.org\/2018\/wp-json\/wp\/v2\/session_track?post=754"},{"taxonomy":"wcb_session_category","embeddable":true,"href":"https:\/\/floripa.wordcamp.org\/2018\/wp-json\/wp\/v2\/session_category?post=754"}],"curies":[{"name":"wp","href":"https:\/\/api.w.org\/{rel}","templated":true}]}}

O potencial didático do WordPress no ensino-aprendizagem de Programação

<p>Tomando por base a minha trajetória profissional, de pesquisador e professor da área de Ciências Humanas para depois desenvolvedor WEB, pude reconhecer o grande potencial didático do WordPress no ensino-aprendizagem de diversos assuntos ligados ao universo da programação. É claro que é disso que se trata o ambiente em si, uma ferramenta ágil voltada para a programação de sistemas, mas vale reforçar o seu papel didático para o entendimento e desenvolvimento dessas habilidades e competências, especialmente para estudantes e/ou iniciantes na área de Tecnologia da Informação. O objetivo deste &#8220;talk&#8221; é justamente reconhecer o valor educacional da ferramenta e de tudo que a envolve (documentação, tutoriais, suporte, etc) como sendo parte de uma grande comunidade E-learning. Sem dúvida, o WordPress tem contribuído muito na formação dos profissionais de TI nos dias atuais.</p>

<p>Tomando por base a minha trajetória profissional, de pesquisador e professor da área de Ciências Humanas para depois desenvolvedor WEB, pude reconhecer o grande potencial didático do WordPress no ensino-aprendizagem de diversos assuntos ligados ao universo da programação. É claro que é disso que se trata o ambiente em si, uma ferramenta ágil voltada para [&hellip;]</p>
