{"id":735,"date":"2018-03-19T16:58:27","date_gmt":"2018-03-19T19:58:27","guid":{"rendered":"https:\/\/2018.floripa.wordcamp.org\/?post_type=wcb_session&#038;p=735"},"modified":"2018-04-18T13:32:02","modified_gmt":"2018-04-18T16:32:02","slug":"desmistificando-o-uso-de-temas-prontos-em-wordpress","status":"publish","type":"wcb_session","link":"https:\/\/floripa.wordcamp.org\/2018\/session\/desmistificando-o-uso-de-temas-prontos-em-wordpress\/","title":{"rendered":"Desmistificando o uso de temas &#8220;prontos&#8221; em WordPress"},"content":{"rendered":"<p>Quero abordar do ponto de vista de gest\u00e3o de projetos e gest\u00e3o de recursos o uso de temas para o desenvolvimento de sites, portais e ecommerce a partir de temas prontos (free, freemium e premium).<\/p>\n<p>O objetivo \u00e9 trazer os pr\u00f3s, contras e desafios neste cen\u00e1rio de projetos baseados em temas &#8220;prontos&#8221;.<\/p>\n","protected":false},"excerpt":{"rendered":"<p>Quero abordar do ponto de vista de gest\u00e3o de projetos e gest\u00e3o de recursos o uso de temas para o desenvolvimento de sites, portais e ecommerce a partir de temas prontos (free, freemium e premium). O objetivo \u00e9 trazer os pr\u00f3s, contras e desafios neste cen\u00e1rio de projetos baseados em temas &#8220;prontos&#8221;.<\/p>\n","protected":false},"author":15923246,"featured_media":0,"template":"","meta":{"_crdt_document":"","jetpack_post_was_ever_published":false,"_wcpt_session_time":1523111400,"_wcpt_session_duration":3000,"_wcpt_session_type":"session","_wcpt_session_slides":"https:\/\/www.slideshare.net\/WordpressFloripa\/lucas-simes-desmistificando-o-uso-de-temas-prontos-em-wordpress","_wcpt_session_video":"","_wcpt_speaker_id":[703],"footnotes":""},"session_track":[1233054],"session_category":[994569],"class_list":["post-735","wcb_session","type-wcb_session","status-publish","hentry","wcb_track-teste","wcb_session_category-negocios"],"jetpack_sharing_enabled":true,"jetpack_shortlink":"https:\/\/wp.me\/p9ygkj-bR","session_date_time":{"date":"7 de abril de 2018","time":"11:30"},"session_speakers":[{"id":"703","slug":"lucas-simoes-de-carvalho","name":"Lucas Sim\u00f5es de Carvalho","link":"https:\/\/floripa.wordcamp.org\/2018\/speaker\/lucas-simoes-de-carvalho\/"}],"session_cats_rendered":"Neg\u00f3cios","_links":{"self":[{"href":"https:\/\/floripa.wordcamp.org\/2018\/wp-json\/wp\/v2\/sessions\/735","targetHints":{"allow":["GET"]}}],"collection":[{"href":"https:\/\/floripa.wordcamp.org\/2018\/wp-json\/wp\/v2\/sessions"}],"about":[{"href":"https:\/\/floripa.wordcamp.org\/2018\/wp-json\/wp\/v2\/types\/wcb_session"}],"author":[{"embeddable":true,"href":"https:\/\/floripa.wordcamp.org\/2018\/wp-json\/wp\/v2\/users\/15923246"}],"version-history":[{"count":1,"href":"https:\/\/floripa.wordcamp.org\/2018\/wp-json\/wp\/v2\/sessions\/735\/revisions"}],"predecessor-version":[{"id":736,"href":"https:\/\/floripa.wordcamp.org\/2018\/wp-json\/wp\/v2\/sessions\/735\/revisions\/736"}],"speakers":[{"embeddable":true,"href":"https:\/\/floripa.wordcamp.org\/2018\/wp-json\/wp\/v2\/speakers\/703"}],"wp:attachment":[{"href":"https:\/\/floripa.wordcamp.org\/2018\/wp-json\/wp\/v2\/media?parent=735"}],"wp:term":[{"taxonomy":"wcb_track","embeddable":true,"href":"https:\/\/floripa.wordcamp.org\/2018\/wp-json\/wp\/v2\/session_track?post=735"},{"taxonomy":"wcb_session_category","embeddable":true,"href":"https:\/\/floripa.wordcamp.org\/2018\/wp-json\/wp\/v2\/session_category?post=735"}],"curies":[{"name":"wp","href":"https:\/\/api.w.org\/{rel}","templated":true}]}}

<p>Quero abordar do ponto de vista de gestão de projetos e gestão de recursos o uso de temas para o desenvolvimento de sites, portais e ecommerce a partir de temas prontos (free, freemium e premium).</p>
<p>O objetivo é trazer os prós, contras e desafios neste cenário de projetos baseados em temas &#8220;prontos&#8221;.</p>

<p>Quero abordar do ponto de vista de gestão de projetos e gestão de recursos o uso de temas para o desenvolvimento de sites, portais e ecommerce a partir de temas prontos (free, freemium e premium). O objetivo é trazer os prós, contras e desafios neste cenário de projetos baseados em temas &#8220;prontos&#8221;.</p>

Lucas Simões de Carvalho

Negócios
